Let t be d(n). What is the units digit of 4/(-22) + t/(-22)?
5
Let g(f) = -13*f - 27. What is the units digit of g(-4)?
5
Suppose 0 = -2*o + 4, 8 = -z - 0*z + 5*o. Suppose -5*f + 44 + 46 = -4*p, 3*p = -z*f + 13. What is the units digit of f?
4
Let c(z) = 23*z - 6. What is the tens digit of c(3)?
6
Let y(a) = -a**3 + 10*a**2 - 12*a. What is the tens digit of y(8)?
3
Suppose -4*b + 4 = -2*w, -3*w + 10 = b + w. Suppose 0 = -5*g + 2*j - 14, g + 8 = -g + b*j. Let c = g + 3. What is the units digit of c?
1
What is the hundreds digit of (-12)/(-30)*2895/6?
1
What is the tens digit of (4 - 232/(-10))*(1 + 4)?
3
Let i(a) = a**2 + 7*a - 12. What is the tens digit of i(-12)?
4
Let y be (6/15)/((-1)/20). What is the units digit of (y/(-5))/((-4)/(-30))?
2
Let o be (-232)/(-13) + (-4)/(-26). Let c(u) = 18*u + u**2 - o*u + 6. What is the units digit of c(0)?
6
Let c = 122 - 92. What is the units digit of c?
0
Let h(o) = -o - 15. Let y be h(-16). What is the units digit of (-6)/(-2) - y - -5?
7
Suppose 0 = 2*m + 6, -100 = -4*c + 4*m. What is the tens digit of c?
2
Suppose -2*v - 3*v = -20. Suppose 0 = v*k - 3*g - 7, -3*k + 2*k + 3*g + 4 = 0. What is the units digit of (-3)/3 + (k - -12)?
2
Suppose 7 = 6*g - 5*g. What is the units digit of g?
7
Suppose b + 4 = -3*p - 5, -p - 8 = 2*b. What is the tens digit of ((-11)/2)/(p/20)?
5
What is the hundreds digit of 2*2 - ((-3 - -2) + -286)?
2
Let q = -87 - -127. What is the tens digit of q?
4
Let v(o) = o**2 - 6*o - 8. Suppose 64 = 6*a - 4*a. Suppose -4*t - 2*k + 11 = -21, -4*t = -5*k - a. What is the units digit of v(t)?
8
Suppose -2*b + 40 = 5*s + 3*b, -4*b = s - 17. Let c(a) = a**3 + 6*a**2 - 7*a - 4. Let k be c(-7). Let u = k + s. What is the units digit of u?
1
Let g = -10 - -12. What is the units digit of g?
2
Let v(z) = -z**2 + 14*z - 8. Let j be v(10). Let w = -22 + j. What is the tens digit of w?
1
Suppose 58*l = 63*l - 470. What is the units digit of l?
4
What is the units digit of ((-3)/(-6))/(2/148)?
7
Let y(r) = 8*r + 0 + 1 - 3*r. Let o be y(-3). What is the units digit of (-18)/(-14) - (-4)/o?
1
Suppose -5*w = 5*s - 80, -5*w + 27 = -s - 35. What is the tens digit of w?
1
Suppose 0 = -2*x - 4*f - 44, -3*x + 8*x + 140 = -4*f. Let r = -10 - x. What is the tens digit of r?
2
Suppose -2*z + 3 = 5*g + 1, -5*z - 18 = g. Suppose -5*y + 3*y - 5*t = -53, 0 = -5*y - g*t + 143. What is the units digit of y?
9
Suppose 0*r = 4*i + 2*r - 80, -i + 4*r = -20. Suppose o = -o + i. What is the tens digit of o?
1
Let r(a) = -a**2 - 9*a - 4. Let m be r(-9). Let b be (70/m - 2)*2. Let g = -20 - b. What is the units digit of g?
9
Suppose 2*t - 5*n + 2 = 0, 3*t - 23 = n - 0. What is the units digit of t?
9
Let a(c) = 9*c + 11. What is the tens digit of a(5)?
5
What is the units digit of -1 - -45 - (-3 + 2)?
5
Let p = 16 + -11. Suppose -4 = -2*q - 0*q. Suppose v - 4*i = 5, v - p*i + 5 = q*v. What is the units digit of v?
5
Suppose -8 = 5*x - 6*x. Let v(d) = 3*d - 7. What is the tens digit of v(x)?
1
Let j(o) = -2*o + 9. What is the tens digit of j(-3)?
1
Suppose 0 = 3*f + 2*g + 34, -5*f - 11 = -4*f + g. Let t(s) = -s**3 - 12*s**2 - s + 13. What is the units digit of t(f)?
5
Let a(j) = 10*j**3 - 4. What is the units digit of a(3)?
6
Suppose -2*l = 2*l + 3*n - 21, 2*n + 46 = 4*l. What is the units digit of l?
9
Let b(c) = c - 3. Let q be ((-2)/4)/(4/(-8)). Suppose 4*f - 4*u = 28, -3*u + 13 = 2*f - q. What is the units digit of b(f)?
4
Let t(j) = -j + 7. Let h be t(5). Suppose 14 = 4*k + h. What is the units digit of k?
3
Let z(g) = g**2 + 6*g + 24. What is the units digit of z(-10)?
4
What is the tens digit of 64/3 - (-24)/(-18)?
2
Let a be -3*((2 - 1) + 1). Let m be 34/(-6) + (-4)/a. Let g(j) = -j**2 - 7*j - 4. What is the units digit of g(m)?
6
Let f = 0 + 6. Let h(v) = v - 3. Let i be h(f). Suppose 0*q = -q + i. What is the units digit of q?
3
Suppose -213 = -3*j - 2*f - 3*f, -355 = -5*j + 3*f. What is the tens digit of j?
7
Let c = 4 - -1. Suppose 0 = 5*g - 2*n - 15 + 3, 5*n - 5 = -c*g. Suppose -3*t + g + 4 = 0. What is the units digit of t?
2
Let x(t) = t. Let f be x(6). Let c be (-2)/f - 8/12. What is the units digit of c/2 - 45/(-10)?
4
Suppose -144 = -3*h - 24. What is the tens digit of h?
4
Let w(l) = l**2 - 4*l + 2. Let b be w(4). Suppose b*k = -0*k - 12. What is the units digit of 14*(-3 + 0)/k?
7
Let t(i) be the third derivative of -i**4/12 - i**3/6 + 2*i**2. What is the units digit of t(-5)?
9
Let d = -19 + 44. Let f = -3 + d. What is the tens digit of f?
2
Let s(k) = -2*k - 21. Let o be s(-9). Let i(g) be the first derivative of -g**4/4 - g**3/3 + g**2/2 - 1. What is the tens digit of i(o)?
1
Let h(n) = n**2 - 6*n - 3. Let v be h(7). Suppose 35 = v*a - 13. Let o = -6 + a. What is the units digit of o?
6
Suppose 2*c - 7*c = 0. Suppose c = x + x - 34. What is the tens digit of x?
1
Let k(s) be the third derivative of 5*s**4/24 + s**3/3 + s**2. What is the tens digit of k(5)?
2
Suppose -13*a - 1040 = -18*a. What is the tens digit of a?
0
Suppose 6 = 4*s - 2*c, 2*s + 3 + 0 = -c. Suppose -3*r + 0*k + 44 = -2*k, s = r + 3*k. What is the tens digit of r?
1
Let a(u) = 86*u - 23. What is the hundreds digit of a(3)?
2
Suppose -2*d = 2*o - 64, 5*d - o - 120 = 2*o. What is the units digit of d?
7
Suppose 306 = 5*d - 0*a + 4*a, -2*d + 3*a + 127 = 0. Suppose 3*j = -5*y + 63, -4*j = -4*y - 18 + d. What is the tens digit of y?
1
Let q = 11 - 6. Suppose 0 = -q*i + i + 68. What is the units digit of i?
7
Let s(n) = n - 3. Let r be s(5). Suppose 3*h + 36 = 3*g, g + r*h = 6*h + 9. What is the tens digit of g?
1
Suppose 0 = -a + 1, -2*w - w + 3*a = 24. Let d(x) = -x - 3. Let c be d(w). Suppose 2*r = 2*i - 20, -4 = c*i + 4*r - 12. What is the units digit of i?
6
Let h = 1 + 3. Suppose -11 = 5*d - 4*a, -4*d + 2*d + 18 = h*a. What is the units digit of d?
1
Let q(b) be the second derivative of -b**5/20 + b**4/3 + 2*b**2 + b. What is the tens digit of q(3)?
1
Let j = -30 + 42. Suppose 0 = -5*u + 3*t + 13, -4*u = -0*u - 4*t - j. Suppose u*y - g - 22 = 0, -5*y + g = -0*y - 49. What is the units digit of y?
9
Suppose 3*k - 3*q = 81, -2*q + 3 = q. What is the units digit of (-4)/2*k/(-8)?
7
Suppose -5*u = -1093 + 288. What is the tens digit of u?
6
Suppose 2*a + 3 + 1 = 0, 5*a + 523 = 3*y. What is the tens digit of y?
7
Suppose -5*u + 0 - 5 = 0, 2*u - 3 = -j. Suppose -i = -n - 5*i + 21, 3*n + j*i = 63. What is the tens digit of n?
2
Suppose -m + 0 = -91. What is the tens digit of m?
9
Suppose 10 = 3*v - 2, v = -3*s + 28. Let j(u) = u**2 - 2*u - 9. Let l be j(4). Let r = l + s. What is the units digit of r?
7
Let i be (-4)/(-5)*(-5)/(-2). Let z(l) = l**3 + 6*l**2 - 2*l - 7. Let f be z(-6). Suppose -i*r - f*t = -45, -r - 5*t = -5 - 30. What is the tens digit of r?
1
Suppose t + 8 = 5*o - 1282, -3*o + 5*t + 774 = 0. What is the hundreds digit of o?
2
Suppose 4*l - 102 = 2*l. Suppose 0 = -5*b - l - 49. What is the units digit of -8*(-5)/(b/(-6))?
2
Let g be -19 - (0 + 1 + 1). Let i = -11 - g. What is the units digit of i?
0
Let c(t) = t - 5. Let v(y) = -y**3 + 6*y**2 - 4*y + 3. Let z be v(5). What is the units digit of c(z)?
3
Suppose 5*w - 160 = 4*g, -3*w - g - 2*g + 69 = 0. Suppose w = 4*h + 4*d, -h - 4*d = -2*d - 12. Suppose -h*o = -o - 7. What is the units digit of o?
7
Let j = -76 - -117. What is the units digit of j?
1
Suppose v = 2*v + 13. Let y = -1 - v. What is the tens digit of y?
1
Suppose 0 = -3*g - 1 - 14. Let c be (3 - 1) + (3 - g). Suppose 2*q + 3*q - c = 0. What is the units digit of q?
2
Let q(p) = -p**2 + 7*p - 2. Let g be q(6). Suppose g*s + 20 = -s. Let l(x) = x**3 + 6*x**2 + 6*x + 3. What is the units digit of l(s)?
1
Let b(s) be the third derivative of -s**5/60 + s**4/4 + s**3 - 3*s**2. Let w be b(5). Suppose 2*o - w + 1 = 0. What is the units digit of o?
5
Suppose -3*z + 10 = -119. What is the units digit of z?
3
Let v = -11 + 6. What is the units digit of 2*5/(v/(-2))?
4
Let w be (-5 - 0)/(0 + -1). Let q be 5*(2 + (-12)/w). Let j = q - -5. What is the units digit of j?
3
Let o(u) = 11*u - 1. Let r be o(1). Suppose 5*b = 4*b + r. What is the units digit of b?
0
Let z = 23 - 21. Suppose 2*a + 8 = 2*m, 0*m + z*m = -a + 17. What is the units digit of m?
7
Let n(y) = -y**2 + y + 2. Let q(o) = -o + 2. Let s be q(2). Let a be 